). Let r = o - 2. What is the remainder when r is divided by x?
9
Let d(y) = y + 28. Suppose g + 1 + 2 = 0. Let a(l) = 6*l**2 - 3*l. What is the remainder when a(g) is divided by d(-12)?
15
Suppose -20 = -3*v + 2*v. Suppose 3*n = n. Suppose -5*i + 127 + 63 = n. What is the remainder when i is divided by v?
18
Let g = 1926 + -1888. Calculate the remainder when 214 is divided by g.
24
Let t = 11 + 5. Let b(c) = 3*c + 13. Let m = -20 - -36. What is the remainder when b(t) is divided by m?
13
Let s(y) = -y**3 - 9*y**2 + 19*y - 28. Calculate the remainder when (-172)/(-3) + (-2)/(-3) is divided by s(-11).
3
Suppose -a = -4*g + 2*a + 17, -a + 1 = 2*g. Suppose -g*f - 186 = -d - d, -3*d + 271 = -f. Suppose 3*r = -r + 92. Calculate the remainder when d is divided by r.
20
Calculate the remainder when 236 is divided by 17*(10 - 7 - 2).
15
Let d be 33/(-12)*8*38. What is the remainder when 4/(-16) - d/16 is divided by 27?
25
Let s(h) = -h**3 + 22*h**2 - 18*h - 26. Let z = -25 + 44. Calculate the remainder when s(21) is divided by z.
18
Suppose -50 = -8*h + 6*h + 2*t, t = 4*h - 85. What is the remainder when h is divided by 6?
2
Let v = -172 + 175. Calculate the remainder when 27 is divided by v.
0
Let p(n) = n**2 - 21*n + 54. Calculate the remainder when p(27) is divided by 19.
7
Suppose -21 = 5*s + 4*z + 13, 3*s - z + 34 = 0. Let p = -3 - s. Suppose 8 = 2*v - 5*y, 11*y = 13*y. Calculate the remainder when p is divided by v.
3
Suppose 683 = 7*d + 662. Calculate the remainder when 417 is divided by d.
0
What is the remainder when 82 is divided by (16 - 132/(-11))*2/2?
26
Let p = 21 + -5. Suppose 3*b = 11*b - 208. Suppose -k + b = s, 3*s + 2*s - 2*k - 151 = 0. Calculate the remainder when s is divided by p.
13
Let c(n) = -n**2 - 28*n + 13. Suppose -3*m - 3 = -0*m, -4*a - 2*m + 90 = 0. What is the remainder when c(-26) is divided by a?
19
Let w be 50/15*(-84)/(-10). Suppose x = -5 + 10, 0 = -v - x + w. What is the remainder when 68 is divided by v?
22
Suppose 2*x - 2*g = 14, 3*x - 4*x = 4*g - 2. What is the remainder when 255 is divided by x?
3
Let w(m) = -1 + 4 - 3*m**2 + 3 + m**3 - 5*m. Let j be w(4). Suppose 2*g - 24 = -g + j*i, 3*i + 1 = g. What is the remainder when 25 is divided by g?
5
Let h = 19 + -17. What is the remainder when 32 is divided by h?
0
Suppose -2*t - 5*b + 30 = 0, -99*t = -104*t + b + 21. Calculate the remainder when 129 is divided by t.
4
Let b = -707 + 796. Calculate the remainder when 382 is divided by b.
26
Let j = 14 - 21. Let n = 13 - 14. Calculate the remainder when 47 is divided by n*(j - 4) + 1.
11
What is the remainder when 122 is divided by 0/(7 - 1) - -25?
22
Let r(f) = 2*f**3 - 6*f**2 - 27*f - 5. Suppose 0 = -3*x + 8*x, 4*g - 104 = x. What is the remainder when r(6) is divided by g?
23
Let u = 30 + -30. Suppose -z + 6 + u = 0. What is the remainder when 28 is divided by z?
4
Let h(i) = -i - 16. Let w be h(-5). Let o = 97 - w. What is the remainder when o is divided by 11?
9
Let k = 39 - 16. Let f be 30/7 + (-14)/49. Suppose -14 - 22 = -f*x. Calculate the remainder when k is divided by x.
5
Let n(z) = -2*z**3 - 5*z**2 - 2*z - 4. Let y = 29 + -9. What is the remainder when y is divided by n(-3)?
9
Suppose -11*w + 12*w - 51 = 0. What is the remainder when 253 is divided by w?
49
Let g(f) = f**2 + f - 8. Suppose 8 + 13 = j - 4*k, -29 = -5*j + k. What is the remainder when g(j) is divided by 4?
2
Let h = -31 - 117. Let z = 66 + h. Let q = z + 125. What is the remainder when q is divided by 15?
13
Suppose 0 = -4*f + 9*f - 940. What is the remainder when f is divided by 27?
26
Suppose 9 = -b + 2*m + 39, -5*b - m + 161 = 0. What is the remainder when 120 is divided by b?
24
Let k = 5 - -8. Let q be 2/(-7) - (3 + (-115)/35). Let d = k - q. Calculate the remainder when 37 is divided by d.
11
Let g = 42 - -146. What is the remainder when g is divided by 99?
89
Let o(l) = 14*l + 246. What is the remainder when o(-12) is divided by 10?
8
Let f = -1574 - -1583. Calculate the remainder when f is divided by -4 + 4 - 12/(-2).
3
Let p(v) = -2*v**2 + 4. Let t be p(3). Let m = 24 + t. Suppose -3*s = -s + m, -80 = -5*q + 5*s. Calculate the remainder when 31 is divided by q.
9
Let h = -3 + 0. Let x(b) = -b**2 - b - 1. Let j(u) = -u**2 - 5*u + 1. Let s(y) = j(y) - 2*x(y). Calculate the remainder when s(h) is divided by 12.
9
Let p(r) = r - 3*r**2 + 4*r**2 - 5*r + 3*r. Let l be p(-1). Suppose 4*o - 8*o = 2*h - 50, 5*h - l*o - 113 = 0. What is the remainder when h is divided by 6?
5
What is the remainder when 83 is divided by (((-220)/(-8))/(-5))/(3/(-12))?
17
Let x = 322 - 189. Calculate the remainder when 262 is divided by x.
129
Let w(i) = 3*i - 16. Let x = 68 - 53. Calculate the remainder when w(15) is divided by x.
14
Let a(z) = z**2 - 3*z - 2. Let l(i) = i**2. Let t(v) = a(v) - 2*l(v). Let g be t(5). Calculate the remainder when (0 - g/(-4))*-2 is divided by 11.
10
Let x be 29*(-51)/(-9) + 4/6. Suppose -22*l + 27*l - x = 0. Calculate the remainder when 131 is divided by l.
32
Let t(u) = u**3 - 4*u**2 + u - 2. Calculate the remainder when 28/12 - 3 - -4*8/12 is divided by t(4).
0
Let u be (12/18)/((-2)/3) - -31. Suppose -8*z + 10*z + 2*o = u, 55 = 3*z + 5*o. What is the remainder when z is divided by 5?
0
Suppose 4*f + 3*t = t + 88, 5*f = 3*t + 110. Let l be (8/3)/(f/(-66)). What is the remainder when 36 is divided by (-96)/l + (-2 - -3)?
10
Let d(r) = 4*r - 35. Let x be d(10). Suppose 2*o + x*t - 48 = 0, 5*t + 110 = 3*o + 3*t. What is the remainder when o is divided by 20?
14
What is the remainder when 44835/120 - (15/24 + -1) is divided by 125?
124
What is the remainder when 612 + (-5)/(10/(-16)) is divided by 12?
8
Suppose 2*p - 27 = y + 154, -366 = -4*p - 2*y. Suppose 5*k - 31 = -2*g, -5*g + k = -0*k - p. What is the remainder when g is divided by (-15)/2*2/(-3)?
3
Let r(y) = y - 48. Let v be r(15). Let j = 59 + v. Calculate the remainder when j is divided by 15.
11
Suppose 2*y - 97 - 71 = 0. Suppose -3*r + y = -r. Suppose 0 = -2*t + 10, -2*c - 5*t = -r + 13. What is the remainder when c is divided by 1?
0
Let g be -3 + (3 - 4) + 27. Suppose 5*p - v + 0*v = 15, p = -5*v - g. Suppose 0 = p*i - 75 - 37. What is the remainder when i is divided by 20?
16
Suppose 14*j - 9170 = 6776. What is the remainder when j is divided by 76?
75
Let v = -1767 + 1970. Calculate the remainder when 618 is divided by v.
9
Suppose 215*g - 772 = 211*g. What is the remainder when g is divided by 34?
23
Let w(c) = -2*c + 73. What is the remainder when w(14) is divided by 23?
22
Let s(g) = -9*g + 30. Let n be s(4). Calculate the remainder when -24*(-2)/n*(-5 + -5) is divided by 41.
39
Let w(u) = -4*u - 18. Let o = 80 - 50. Calculate the remainder when o is divided by w(-9).
12
Let f be ((-48)/9 + 4*1)*-285. Suppose -f + 47 = -9*w. Calculate the remainder when 145 is divided by w.
34
Suppose 5*p + 2*r - 46 = 3*p, 0 = -5*r + 5. What is the remainder when 106 is divided by p?
18
Let w = -1093 + 1231. Calculate the remainder when w is divided by 32.
10
Let k be ((-5)/(-3) - 1)/(1/6). Suppose -u + s = -9, s = -k*u - s + 60. What is the remainder when u is divided by 8?
5
Let f(o) = -2*o - 16. Let g be -10*(-4 + (-5)/(-1)). Let m be f(g). Let i = m - -12. Calculate the remainder when 46 is divided by i.
14
Suppose -r + 12 = 2*r - 2*j, -4*r + 16 = -4*j. Suppose -n = -3*z + 6, -z + 1 + 1 = r*n. Calculate the remainder when 4 - (-3)/6*z is divided by 2.
1
Suppose -3*o + 287 = 38*o. What is the remainder when 61 is divided by o?
5
Suppose 0 = 2*i - 0*i + 4*d - 68, 5*d + 110 = 5*i. Suppose -2*y + 1 = -b, 3*y + 9 = 4*b + b. Calculate the remainder when (b/(-4))/((-8)/544) is divided by i.
25
Let l(y) = 2*y**3 + y**2 - y + 2. Let f = -13 + 44. What is the remainder when f is divided by l(1)?
3
Suppose 0 = -26*r + 25*r + 8. Calculate the remainder when 16 is divided by r.
0
Calculate the remainder when 439 is divided by 12/90*15*(1 + 19).
39
Suppose s - 4 - 83 = 0. Suppose -4*t = -5*q + 144, t = -3*q + 4*t + s. What is the remainder when (-2)/4*1*-218 is divided by q?
25
Suppose 5*t - q - 337 = 0, -t + 2*q - 2 = -73. Suppose 4 = 4*a - 0, -80 = -6*l + 4*a. What is the remainder when t is divided by l?
11
Suppose 9*s - 4*u - 210 = 6*s, -4*s + 287 = -3*u. Calculate the remaind